{"id":2030,"date":"2023-10-09T17:20:57","date_gmt":"2023-10-09T15:20:57","guid":{"rendered":"https:\/\/mur34.fr\/?page_id=2030"},"modified":"2023-10-09T17:39:19","modified_gmt":"2023-10-09T15:39:19","slug":"mentions-legales","status":"publish","type":"page","link":"https:\/\/mur34.fr\/index.php\/mentions-legales\/","title":{"rendered":"Mentions l\u00e9gales"},"content":{"rendered":"<p><div class=\"fusion-fullwidth fullwidth-box fusion-builder-row-1 fusion-flex-container has-pattern-background has-mask-background nonhundred-percent-fullwidth non-hundred-percent-height-scrolling\" style=\"--awb-border-radius-top-left:0px;--awb-border-radius-top-right:0px;--awb-border-radius-bottom-right:0px;--awb-border-radius-bottom-left:0px;--awb-flex-wrap:wrap;\" ><div class=\"fusion-builder-row fusion-row fusion-flex-align-items-flex-start fusion-flex-content-wrap\" style=\"max-width:1248px;margin-left: calc(-4% \/ 2 );margin-right: calc(-4% \/ 2 );\"><div class=\"fusion-layout-column fusion_builder_column fusion-builder-column-0 fusion_builder_column_1_1 1_1 fusion-flex-column\" style=\"--awb-padding-top:20px;--awb-padding-bottom:20px;--awb-padding-left:40px;--awb-overflow:hidden;--awb-bg-size:cover;--awb-border-color:var(--awb-custom_color_2);--awb-border-top:0;--awb-border-right:0;--awb-border-bottom:0;--awb-border-left:5px;--awb-border-style:solid;--awb-border-radius:25px 0px 0px 25px;--awb-width-large:100%;--awb-margin-top-large:0px;--awb-spacing-right-large:1.92%;--awb-margin-bottom-large:20px;--awb-spacing-left-large:1.92%;--awb-width-medium:100%;--awb-order-medium:0;--awb-spacing-right-medium:1.92%;--awb-spacing-left-medium:1.92%;--awb-width-small:100%;--awb-order-small:0;--awb-spacing-right-small:1.92%;--awb-spacing-left-small:1.92%;\"><div class=\"fusion-column-wrapper fusion-column-has-shadow fusion-flex-justify-content-flex-start fusion-content-layout-column\"><i class=\"fb-icon-element-1 fb-icon-element fontawesome-icon fa-quote-right fas circle-no\" style=\"--awb-iconcolor:var(--awb-custom_color_2);--awb-iconcolor-hover:var(--awb-custom_color_2);--awb-font-size:32px;--awb-align-self:flex-start;--awb-margin-top:20px;--awb-margin-right:0px;--awb-margin-bottom:40px;--awb-margin-left:0px;\"><\/i><div class=\"fusion-title title fusion-title-1 fusion-sep-none fusion-title-text fusion-title-size-three\" style=\"--awb-text-color:var(--awb-color6);--awb-margin-top-small:10px;--awb-margin-right-small:0px;--awb-margin-bottom-small:10px;--awb-margin-left-small:0px;\"><h3 class=\"fusion-title-heading title-heading-left\" style=\"margin:0;text-transform:uppercase;\"><i>MENTIONS L\u00c9GALES<\/i><\/h3><\/div><\/div><\/div><\/div><\/div><div class=\"fusion-fullwidth fullwidth-box fusion-builder-row-2 fusion-flex-container nonhundred-percent-fullwidth non-hundred-percent-height-scrolling\" style=\"--awb-border-radius-top-left:0px;--awb-border-radius-top-right:0px;--awb-border-radius-bottom-right:0px;--awb-border-radius-bottom-left:0px;--awb-flex-wrap:wrap;\" ><div class=\"fusion-builder-row fusion-row fusion-flex-align-items-flex-start fusion-flex-content-wrap\" style=\"max-width:1248px;margin-left: calc(-4% \/ 2 );margin-right: calc(-4% \/ 2 );\"><div class=\"fusion-layout-column fusion_builder_column fusion-builder-column-1 fusion_builder_column_1_1 1_1 fusion-flex-column\" style=\"--awb-padding-top:40px;--awb-padding-right:40px;--awb-padding-bottom:40px;--awb-padding-left:40px;--awb-bg-color:rgba(255,255,255,0.5);--awb-bg-color-hover:rgba(255,255,255,0.5);--awb-bg-size:cover;--awb-width-large:100%;--awb-margin-top-large:0px;--awb-spacing-right-large:1.92%;--awb-margin-bottom-large:0px;--awb-spacing-left-large:1.92%;--awb-width-medium:100%;--awb-spacing-right-medium:1.92%;--awb-spacing-left-medium:1.92%;--awb-width-small:100%;--awb-spacing-right-small:1.92%;--awb-spacing-left-small:1.92%;\"><div class=\"fusion-column-wrapper fusion-flex-justify-content-flex-start fusion-content-layout-column\"><div class=\"fusion-text fusion-text-1\"><p><b>&#8211; Association:<\/b> Culture, Histoire et M\u00e9moires de la R\u00e9sistance et de la D\u00e9portation.<\/p>\n<p><b>&#8211; Adresse:<\/b> 1 PLACE DE LA LIBERT\u00c9, 34170 CASTELNAU-LE-LEZ<\/p>\n<p><b>&#8211; Num\u00e9ro de t\u00e9l\u00e9phone:<\/b> 04 67 14 27 45<\/p>\n<p><b>&#8211; Directeur de la publication:<\/b> Pr\u00e9sident : Patrick POITEVIN, D\u00e9l\u00e9gu\u00e9 D\u00e9partemental de la FNAME-OPEX (F\u00e9d\u00e9ration Nationale des Anciens des Missions et Op\u00e9rations Ext\u00e9rieures). Petit-fils de Compagnon de la Lib\u00e9ration.<\/p>\n<p><b>&#8211; H\u00e9bergeur<\/b>: OVH. Si\u00e8ge social : 2 rue Kellermann &#8211; 59100 Roubaix &#8211; France. OVH SAS est une filiale de la soci\u00e9t\u00e9 OVH Groupe SA, soci\u00e9t\u00e9 immatricul\u00e9e au RCS de Lille sous le num\u00e9ro 537 407 926 sise 2, rue Kellermann, 59100 Roubaix.<\/p>\n<p><b>&#8211; Site WordPress<\/b> | Th\u00e8me : AVADA<\/p>\n<p><b>&#8211; Droits d\u2019auteur et propri\u00e9t\u00e9 intellectuelle:<\/b><\/p>\n<p>L\u2019ensemble de ce site rel\u00e8ve de la l\u00e9gislation fran\u00e7aise et internationale sur le droit d\u2019auteur et la propri\u00e9t\u00e9 intellectuelle.<\/p>\n<p>Tous les droits de reproduction sont r\u00e9serv\u00e9s, y compris pour les documents t\u00e9l\u00e9chargeables et les repr\u00e9sentations iconographiques et photographiques.<\/p>\n<p>La reproduction de tout ou partie de ce site sur un support \u00e9lectronique quel qu\u2019il soit est formellement interdite sauf autorisation expresse de L&rsquo;association \u00ab\u00a0Culture, Histoire et M\u00e9moires de la R\u00e9sistance et de la D\u00e9portation.\u00a0\u00bb<\/p>\n<p>La reproduction des textes de ce site sur un support papier est autoris\u00e9e, tout particuli\u00e8rement dans le cadre p\u00e9dagogique, sous r\u00e9serve du respect des deux conditions suivantes :<\/p>\n<p>\u2013 gratuit\u00e9 de la diffusion,<\/p>\n<p>\u2013 respect de l\u2019int\u00e9grit\u00e9 des documents reproduits : pas de modification ni alt\u00e9ration d\u2019aucune sorte.<\/p>\n<\/div><\/div><\/div><\/div><\/div><\/p>\n","protected":false},"excerpt":{"rendered":"","protected":false},"author":1,"featured_media":0,"parent":0,"menu_order":0,"comment_status":"closed","ping_status":"closed","template":"","meta":{"footnotes":""},"class_list":["post-2030","page","type-page","status-publish","hentry"],"yoast_head":"<!-- This site is optimized with the Yoast SEO plugin v27.3 - https:\/\/yoast.com\/product\/yoast-seo-wordpress\/ -->\n<title>Mentions l\u00e9gales - MUR-Castelnau-le-Lez<\/title>\n<meta name=\"description\" content=\"Mentions l\u00e9gales\" \/>\n<meta name=\"robots\" content=\"index, follow, max-snippet:-1, max-image-preview:large, max-video-preview:-1\" \/>\n<link rel=\"canonical\" href=\"https:\/\/mur34.fr\/index.php\/mentions-legales\/\" \/>\n<meta property=\"og:locale\" content=\"fr_FR\" \/>\n<meta property=\"og:type\" content=\"article\" \/>\n<meta property=\"og:title\" content=\"Mentions l\u00e9gales - MUR-Castelnau-le-Lez\" \/>\n<meta property=\"og:description\" content=\"Mentions l\u00e9gales\" \/>\n<meta property=\"og:url\" content=\"https:\/\/mur34.fr\/index.php\/mentions-legales\/\" \/>\n<meta property=\"og:site_name\" content=\"MUR-Castelnau-le-Lez\" \/>\n<meta property=\"article:publisher\" content=\"https:\/\/www.facebook.com\/museedelaresistancedemontpellier\" \/>\n<meta property=\"article:modified_time\" content=\"2023-10-09T15:39:19+00:00\" \/>\n<meta property=\"og:image\" content=\"https:\/\/mur34.fr\/wp-content\/uploads\/2023\/10\/logo-CRHRD-PETIT-COULEURS-SOMBRES-80-06-1.png\" \/>\n\t<meta property=\"og:image:width\" content=\"62\" \/>\n\t<meta property=\"og:image:height\" content=\"77\" \/>\n\t<meta property=\"og:image:type\" content=\"image\/png\" \/>\n<meta name=\"twitter:card\" content=\"summary_large_image\" \/>\n<meta name=\"twitter:label1\" content=\"Dur\u00e9e de lecture estim\u00e9e\" \/>\n\t<meta name=\"twitter:data1\" content=\"5 minutes\" \/>\n<script type=\"application\/ld+json\" class=\"yoast-schema-graph\">{\"@context\":\"https:\\\/\\\/schema.org\",\"@graph\":[{\"@type\":\"WebPage\",\"@id\":\"https:\\\/\\\/mur34.fr\\\/index.php\\\/mentions-legales\\\/\",\"url\":\"https:\\\/\\\/mur34.fr\\\/index.php\\\/mentions-legales\\\/\",\"name\":\"Mentions l\u00e9gales - MUR-Castelnau-le-Lez\",\"isPartOf\":{\"@id\":\"https:\\\/\\\/mur34.fr\\\/#website\"},\"datePublished\":\"2023-10-09T15:20:57+00:00\",\"dateModified\":\"2023-10-09T15:39:19+00:00\",\"description\":\"Mentions l\u00e9gales\",\"breadcrumb\":{\"@id\":\"https:\\\/\\\/mur34.fr\\\/index.php\\\/mentions-legales\\\/#breadcrumb\"},\"inLanguage\":\"fr-FR\",\"potentialAction\":[{\"@type\":\"ReadAction\",\"target\":[\"https:\\\/\\\/mur34.fr\\\/index.php\\\/mentions-legales\\\/\"]}]},{\"@type\":\"BreadcrumbList\",\"@id\":\"https:\\\/\\\/mur34.fr\\\/index.php\\\/mentions-legales\\\/#breadcrumb\",\"itemListElement\":[{\"@type\":\"ListItem\",\"position\":1,\"name\":\"Accueil\",\"item\":\"https:\\\/\\\/mur34.fr\\\/\"},{\"@type\":\"ListItem\",\"position\":2,\"name\":\"Mentions l\u00e9gales\"}]},{\"@type\":\"WebSite\",\"@id\":\"https:\\\/\\\/mur34.fr\\\/#website\",\"url\":\"https:\\\/\\\/mur34.fr\\\/\",\"name\":\"MUR-Castelnau-le-Lez\",\"description\":\"Mus\u00e9e de la R\u00e9sistance et de la D\u00e9portation - CASTELNAU-LE-LEZ\",\"publisher\":{\"@id\":\"https:\\\/\\\/mur34.fr\\\/#organization\"},\"alternateName\":\"MUR34\",\"potentialAction\":[{\"@type\":\"SearchAction\",\"target\":{\"@type\":\"EntryPoint\",\"urlTemplate\":\"https:\\\/\\\/mur34.fr\\\/?s={search_term_string}\"},\"query-input\":{\"@type\":\"PropertyValueSpecification\",\"valueRequired\":true,\"valueName\":\"search_term_string\"}}],\"inLanguage\":\"fr-FR\"},{\"@type\":\"Organization\",\"@id\":\"https:\\\/\\\/mur34.fr\\\/#organization\",\"name\":\"Mus\u00e9e de la R\u00e9sistance et de la D\u00e9portation - Castelnau-le-Lez\",\"alternateName\":\"MUR34\",\"url\":\"https:\\\/\\\/mur34.fr\\\/\",\"logo\":{\"@type\":\"ImageObject\",\"inLanguage\":\"fr-FR\",\"@id\":\"https:\\\/\\\/mur34.fr\\\/#\\\/schema\\\/logo\\\/image\\\/\",\"url\":\"https:\\\/\\\/mur34.fr\\\/wp-content\\\/uploads\\\/2024\\\/11\\\/logo-MUR34-1.png\",\"contentUrl\":\"https:\\\/\\\/mur34.fr\\\/wp-content\\\/uploads\\\/2024\\\/11\\\/logo-MUR34-1.png\",\"width\":537,\"height\":696,\"caption\":\"Mus\u00e9e de la R\u00e9sistance et de la D\u00e9portation - Castelnau-le-Lez\"},\"image\":{\"@id\":\"https:\\\/\\\/mur34.fr\\\/#\\\/schema\\\/logo\\\/image\\\/\"},\"sameAs\":[\"https:\\\/\\\/www.facebook.com\\\/museedelaresistancedemontpellier\"]}]}<\/script>\n<!-- \/ Yoast SEO plugin. -->","yoast_head_json":{"title":"Mentions l\u00e9gales - MUR-Castelnau-le-Lez","description":"Mentions l\u00e9gales","robots":{"index":"index","follow":"follow","max-snippet":"max-snippet:-1","max-image-preview":"max-image-preview:large","max-video-preview":"max-video-preview:-1"},"canonical":"https:\/\/mur34.fr\/index.php\/mentions-legales\/","og_locale":"fr_FR","og_type":"article","og_title":"Mentions l\u00e9gales - MUR-Castelnau-le-Lez","og_description":"Mentions l\u00e9gales","og_url":"https:\/\/mur34.fr\/index.php\/mentions-legales\/","og_site_name":"MUR-Castelnau-le-Lez","article_publisher":"https:\/\/www.facebook.com\/museedelaresistancedemontpellier","article_modified_time":"2023-10-09T15:39:19+00:00","og_image":[{"width":62,"height":77,"url":"https:\/\/mur34.fr\/wp-content\/uploads\/2023\/10\/logo-CRHRD-PETIT-COULEURS-SOMBRES-80-06-1.png","type":"image\/png"}],"twitter_card":"summary_large_image","twitter_misc":{"Dur\u00e9e de lecture estim\u00e9e":"5 minutes"},"schema":{"@context":"https:\/\/schema.org","@graph":[{"@type":"WebPage","@id":"https:\/\/mur34.fr\/index.php\/mentions-legales\/","url":"https:\/\/mur34.fr\/index.php\/mentions-legales\/","name":"Mentions l\u00e9gales - MUR-Castelnau-le-Lez","isPartOf":{"@id":"https:\/\/mur34.fr\/#website"},"datePublished":"2023-10-09T15:20:57+00:00","dateModified":"2023-10-09T15:39:19+00:00","description":"Mentions l\u00e9gales","breadcrumb":{"@id":"https:\/\/mur34.fr\/index.php\/mentions-legales\/#breadcrumb"},"inLanguage":"fr-FR","potentialAction":[{"@type":"ReadAction","target":["https:\/\/mur34.fr\/index.php\/mentions-legales\/"]}]},{"@type":"BreadcrumbList","@id":"https:\/\/mur34.fr\/index.php\/mentions-legales\/#breadcrumb","itemListElement":[{"@type":"ListItem","position":1,"name":"Accueil","item":"https:\/\/mur34.fr\/"},{"@type":"ListItem","position":2,"name":"Mentions l\u00e9gales"}]},{"@type":"WebSite","@id":"https:\/\/mur34.fr\/#website","url":"https:\/\/mur34.fr\/","name":"MUR-Castelnau-le-Lez","description":"Mus\u00e9e de la R\u00e9sistance et de la D\u00e9portation - CASTELNAU-LE-LEZ","publisher":{"@id":"https:\/\/mur34.fr\/#organization"},"alternateName":"MUR34","potentialAction":[{"@type":"SearchAction","target":{"@type":"EntryPoint","urlTemplate":"https:\/\/mur34.fr\/?s={search_term_string}"},"query-input":{"@type":"PropertyValueSpecification","valueRequired":true,"valueName":"search_term_string"}}],"inLanguage":"fr-FR"},{"@type":"Organization","@id":"https:\/\/mur34.fr\/#organization","name":"Mus\u00e9e de la R\u00e9sistance et de la D\u00e9portation - Castelnau-le-Lez","alternateName":"MUR34","url":"https:\/\/mur34.fr\/","logo":{"@type":"ImageObject","inLanguage":"fr-FR","@id":"https:\/\/mur34.fr\/#\/schema\/logo\/image\/","url":"https:\/\/mur34.fr\/wp-content\/uploads\/2024\/11\/logo-MUR34-1.png","contentUrl":"https:\/\/mur34.fr\/wp-content\/uploads\/2024\/11\/logo-MUR34-1.png","width":537,"height":696,"caption":"Mus\u00e9e de la R\u00e9sistance et de la D\u00e9portation - Castelnau-le-Lez"},"image":{"@id":"https:\/\/mur34.fr\/#\/schema\/logo\/image\/"},"sameAs":["https:\/\/www.facebook.com\/museedelaresistancedemontpellier"]}]}},"_links":{"self":[{"href":"https:\/\/mur34.fr\/index.php\/wp-json\/wp\/v2\/pages\/2030","targetHints":{"allow":["GET"]}}],"collection":[{"href":"https:\/\/mur34.fr\/index.php\/wp-json\/wp\/v2\/pages"}],"about":[{"href":"https:\/\/mur34.fr\/index.php\/wp-json\/wp\/v2\/types\/page"}],"author":[{"embeddable":true,"href":"https:\/\/mur34.fr\/index.php\/wp-json\/wp\/v2\/users\/1"}],"replies":[{"embeddable":true,"href":"https:\/\/mur34.fr\/index.php\/wp-json\/wp\/v2\/comments?post=2030"}],"version-history":[{"count":2,"href":"https:\/\/mur34.fr\/index.php\/wp-json\/wp\/v2\/pages\/2030\/revisions"}],"predecessor-version":[{"id":2032,"href":"https:\/\/mur34.fr\/index.php\/wp-json\/wp\/v2\/pages\/2030\/revisions\/2032"}],"wp:attachment":[{"href":"https:\/\/mur34.fr\/index.php\/wp-json\/wp\/v2\/media?parent=2030"}],"curies":[{"name":"wp","href":"https:\/\/api.w.org\/{rel}","templated":true}]}}